mainder when 88768 is divided by 30.
28
Calculate the remainder when 119713 is divided by 516.
1
Calculate the remainder when 837 is divided by 811.
26
What is the remainder when 3866512 is divided by 102?
100
Calculate the remainder when 138819 is divided by 3305.
9
Calculate the remainder when 1079 is divided by 212.
19
Calculate the remainder when 29933 is divided by 10.
3
Calculate the remainder when 3513 is divided by 387.
30
What is the remainder when 55048 is divided by 3238?
2
Calculate the remainder when 47122 is divided by 2617.
16
Calculate the remainder when 119388 is divided by 17.
14
Calculate the remainder when 176519 is divided by 23.
17
Calculate the remainder when 2449511 is divided by 117.
116
Calculate the remainder when 14958 is divided by 649.
31
Calculate the remainder when 48921 is divided by 29.
27
What is the remainder when 2499 is divided by 68?
51
Calculate the remainder when 21993 is divided by 55.
48
Calculate the remainder when 10579 is divided by 561.
481
What is the remainder when 13592 is divided by 25?
17
What is the remainder when 955485 is divided by 128?
93
Calculate the remainder when 397550 is divided by 135.
110
What is the remainder when 14511 is divided by 580?
11
What is the remainder when 1605 is divided by 692?
221
What is the remainder when 1226 is divided by 318?
272
What is the remainder when 1040149 is divided by 92?
89
Calculate the remainder when 33946 is divided by 16779.
388
Calculate the remainder when 114106 is divided by 42.
34
Calculate the remainder when 184830 is divided by 46205.
10
Calculate the remainder when 9252 is divided by 514.
0
Calculate the remainder when 3960 is divided by 17.
16
What is the remainder when 53452 is divided by 155?
132
What is the remainder when 11115215 is divided by 21?
20
Calculate the remainder when 48070 is divided by 80.
70
What is the remainder when 1535 is divided by 342?
167
What is the remainder when 342796 is divided by 5810?
6
Calculate the remainder when 161805 is divided by 34.
33
Calculate the remainder when 62399 is divided by 959.
64
Calculate the remainder when 10824 is divided by 4906.
1012
What is the remainder when 1391 is divided by 689?
13
Calculate the remainder when 4162 is divided by 580.
102
Calculate the remainder when 115912 is divided by 483.
475
Calculate the remainder when 67174 is divided by 74.
56
Calculate the remainder when 1148 is divided by 475.
198
What is the remainder when 65630 is divided by 547?
537
What is the remainder when 35655 is divided by 71?
13
Calculate the remainder when 9587 is divided by 150.
137
Calculate the remainder when 74204 is divided by 96.
92
What is the remainder when 11439 is divided by 74?
43
What is the remainder when 2761 is divided by 303?
34
Calculate the remainder when 70838 is divided by 796.
790
What is the remainder when 14701 is divided by 78?
37
What is the remainder when 2127 is divided by 83?
52
What is the remainder when 344202 is divided by 4147?
1
What is the remainder when 7733 is divided by 43?
36
What is the remainder when 2034 is divided by 669?
27
Calculate the remainder when 201566 is divided by 40305.
41
Calculate the remainder when 115540 is divided by 52.
48
Calculate the remainder when 4306 is divided by 1072.
18
Calculate the remainder when 84982 is divided by 213.
208
Calculate the remainder when 337 is divided by 17.
14
Calculate the remainder when 3424 is divided by 429.
421
Calculate the remainder when 5297 is divided by 221.
214
Calculate the remainder when 14239 is divided by 178.
177
What is the remainder when 5579 is divided by 50?
29
Calculate the remainder when 1242301 is divided by 1316.
1313
Calculate the remainder when 956 is divided by 559.
397
Calculate the remainder when 4248 is divided by 250.
248
Calculate the remainder when 1033190 is divided by 1385.
1365
Calculate the remainder when 2315130 is divided by 192.
186
Calculate the remainder when 836 is divided by 321.
194
What is the remainder when 6382 is divided by 266?
264
Calculate the remainder when 64034 is divided by 12798.
44
Calculate the remainder when 4926 is divided by 894.
456
Calculate the remainder when 24426 is divided by 2692.
198
What is the remainder when 51081 is divided by 23?
21
Calculate the remainder when 11670 is divided by 44.
10
Calculate the remainder when 30741 is divided by 42.
39
Calculate the remainder when 16717 is divided by 4900.
2017
What is the remainder when 2195 is divided by 731?
2
Calculate the remainder when 3390 is divided by 25.
15
Calculate the remainder when 132646 is divided by 6.
4
What is the remainder when 1017876 is divided by 6?
0
What is the remainder when 20039 is divided by 34?
13
What is the remainder when 381 is divided by 128?
125
What is the remainder when 40873 is divided by 1202?
5
What is the remainder when 725674 is divided by 28?
26
Calculate the remainder when 25294 is divided by 17.
15
Calculate the remainder when 91387 is divided by 190.
187
Calculate the remainder when 3319 is divided by 1612.
95
Calculate the remainder when 2867 is divided by 2554.
313
What is the remainder when 322324 is divided by 107436?
16
What is the remainder when 92608 is divided by 147?
145
What is the remainder when 7125 is divided by 742?
447
What is the remainder when 1398 is divided by 236?
218
Calculate the remainder when 32756 is divided by 117.
113
What is the remainder when 17032 is divided by 251?
215
Calculate the remainder when 5239 is divided by 1719.
82
Calculate the remainder when 3063 is divided by 23.
4
What is the remainder when 10580 is divided by 49?
45
Calculate the remainder when 5926 is divided by 1485.
1471
Calculate the remainder when 2138877 is divided by 60.
57
Calculate the remainder when 50439 is divided by 1230.
9
Calculate the remainder when 1748 is divided by 124.
12
What is the remainder when 311585 is divided by 6491?
17
What is the remainder when 178212 is divided by 89068?
76
Calculate the remainder when 27221 is divided by 73.
65
Calculate the remainder when 8070 is divided by 2662.
84
What is the remainder when 28848 is divided by 11?
6
What is the remainder when 30948 is divided by 140?
8
What is the remainder when 9103 is divided by 21?
10
What is the remainder when 6644 is divided by 49?
29
Calculate the remainder when 1430 is divided by 118.
14
Calculate the remainder when 200183 is divided by 159.
2
What is the remainder when 2549 is divided by 729?
362
Calculate the remainder when 7828 is divided by 3900.
28
Calculate the remainder when 62831 is divided by 298.
251
What is the remainder when 1986 is divided by 1978?
8
What is the remainder when 15340 is divided by 1392?
28
Calculate the remainder when 5300 is divided by 2138.
1024
Calculate the remainder when 16467 is divided by 45.
42
What is the remainder when 5263 is divided by 371?
69
Calculate the remainder when 81571 is divided by 1943.
1908
Calculate the remainder when 192379 is divided by 64124.
7
What is the remainder when 91038 is divided by 36?
30
What is the remainder when 8342 is divided by 2766?
44
What is the remainder when 6988 is divided by 339?
208
What is the remainder when 27950 is divided by 290?
110
Calculate the remainder when 19202 is divided by 235.
167
Calculate the remainder when 279 is divided by 129.
21
What is the remainder when 1120 is divided by 121?
31
Calculate the remainder when 1178 is divided by 116.
18
What is the remainder when 19831 is divided by 19827?
4
What is the remainder when 3283080 is divided by 1036?
1032
What is the remainder when 6878 is divided by 327?
11
Calculate the remainder when 106824 is divided by 5085.
39
What is the remainder when 6752 is divided by 253?
174
Calculate the remainder when 33389 is divided by 8335.
49
What is the remainder when 1958 is divided by 97?
18
What is the remainder when 1290577 is divided by 373?
370
What is the remainder when 816 is divided by 767?
49
What is the remainder when 1875 is divided by 532?
279
Calculate the remainder when 4885 is divided by 3635.
1250
Calculate the remainder when 587491 is divided by 21.
16
Calculate the remainder when 21492 is divided by 84.
72
What is the remainder when 7959 is divided by 177?
171
Calculate the remainder when 1128 is divided by 